2*v**2 - v - 10. Let b(d) = -d**3 + 10*d**2 - 16*d - 12. Let x be b(8). What is m(x)?
2
Let i be ((-30)/(-7))/1 + 4/(-14). Let f be i/(-6)*(-11 + 5 + -3). Let t(y) = 2*y - 8. Give t(f).
4
Let y = 2 - -11. Suppose -4*q = -u + 9, 0 = -4*u - u + 4*q + y. Let i = u + 0. Let d(h) = -7*h. What is d(i)?
-7
Let o(q) = -2*q**2 + 5*q + 7. Let k = -1120 + 1124. What is o(k)?
-5
Let a(u) = u**3 - 5*u**2 - 6*u + 4. Let h be a(6). Let g(k) be the third derivative of -k**5/30 + k**4/6 - k**3/6 + 6*k**2 - 4. Give g(h).
-17
Let j(r) = -r**2 - 6*r - 5. Let w be -2 + (0 - (3 + -1)). Give j(w).
3
Suppose 4*o = 4*t, -o = 2*t - 0*o. Suppose -5 = -r - t*r. Let w(c) = -c - 6. Let z(d) = -2*d - 5. Let k(m) = -3*w(m) + 2*z(m). Determine k(r).
3
Let h(q) be the first derivative of 16 + 1/3*q**3 - 4*q**2 - 7*q. Give h(8).
-7
Let o(m) be the second derivative of m**6/720 + m**5/120 + 3*m**4/4 - 11*m. Let u(x) be the third derivative of o(x). Calculate u(5).
6
Let b(w) = -w**3 - 4*w**2 - w - 9. Let p be b(-4). Let l(u) = -7*u**2 - 17*u - 3. Let o(c) = 3*c**2 + 8*c + 2. Let v(t) = 2*l(t) + 5*o(t). Calculate v(p).
-1
Let s(k) = -2*k**3 + 9*k**2 + k - 3. Let t = -31 + 36. Let u(n) = -2*n**3 + 8*n**2 - 2. Let y(v) = t*u(v) - 4*s(v). What is y(2)?
-6
Let x(t) = 8*t**2 + 11*t - 8. Let s(i) = 3*i**2 + 4*i - 3. Let f(h) = 11*s(h) - 4*x(h). What is f(-4)?
15
Suppose 105*n - 57 = 124*n. Let z(l) be the third derivative of l**6/120 + l**5/20 - l**4/24 + l**3/2 + 2*l**2. Determine z(n).
6
Suppose -5*c = 3*d - 16, -4*d - d + 2 = -4*c. Let u(b) = -4*b + 4. Let s be u(c). Let m(l) = 2 + l - 7 - 2*l**3 + 5*l**2 + 3*l**3. Calculate m(s).
7
Let x(o) = -9*o - 1. Suppose 2 = -5*d + 7. Let r be 3/((-1)/(-2) + d). Suppose -5*i - 4*h = 1, r - 1 = -2*i - h. Calculate x(i).
8
Let c(q) = -q**3 - 5*q**2 + 5*q - 5. Suppose -17*x - 30 = -11*x. Give c(x).
-30
Let s(z) = -z**3 + 7*z**2 - 3*z + 4. Let y be ((-490)/(-196))/(5/12). Calculate s(y).
22
Let u(y) = y**2 + 3 - 628*y - 5 + 317*y + 314*y. Calculate u(1).
2
Let s(y) = y**3 + 3*y**2 - 2*y - 4. Suppose 0 = -g + 3 - 6. Determine s(g).
2
Let p(g) = 2*g**2 + 2*g + 1. Suppose -5*k = -10, n = -n - 2*k. Calculate p(n).
5
Let f = -30 - -12. Let w = f - -16. Let i(z) = -7*z**2 + 2*z - 6. Let k(g) = -8*g**2 + 3*g - 7. Let j(b) = -7*i(b) + 6*k(b). Give j(w).
-4
Let k(o) = -o - 10204 + 20407 - 10211. Determine k(14).
-22
Let g(a) = -a**3 - 3*a**2 + a. Let d(t) = -5*t**3 - 18*t**2 + 2*t + 9. Let n(q) = -d(q) + 4*g(q). Give n(-5).
6
Suppose -s = 3*l - 5, 3*l + 3 = 3*s - 0. Let x(h) = -h**3 + 17 + 2*h**s + h + 2*h**2 - 5*h - 15. Let g = 8 + -6. Determine x(g).
2
Let o(a) = a + 23. Let u = -225 - -208. Determine o(u).
6
Let z(n) = -n**2 + 13*n. Suppose -7*a + 28 = -49. Determine z(a).
22
Let q(i) = i + 5. Let w be 3/6 + 171/2. Let o = w - 54. Let x be (6/8)/((-4)/o). Determine q(x).
-1
Suppose -4*u + p + 15 - 1 = 0, 5*u + 5*p - 5 = 0. Let m(k) = -k - 1. Determine m(u).
-4
Let d(b) = 7 - 4*b + 17 + b + 15 - 32. Suppose 5*a - 1 - 19 = 0. Suppose 0 = 3*h - 6, 6*k - 33 = k - a*h. Determine d(k).
-8
Suppose -2*v - i - 32 = 0, -202*i + 201*i = 0. Let d(c) = -c**3 - 15*c**2 + 14*c - 25. Determine d(v).
7
Let t(l) = -l**3 - 2*l**2 + 3*l + 3. Let y be 6 - -3*(-32)/12. Give t(y).
-3
Suppose 399 - 423 = 12*r. Let p(h) = -1 - 1 - 2*h**2 - 4*h + 0*h. What is p(r)?
-2
Suppose -2*q - 5*n - 19 = -0*q, 4*q + 3*n = -17. Let z = 172 - 170. Let v(u) = 1 - 195*u + 2*u**2 - u**z + 1 + 196*u + u**3. Determine v(q).
-4
Let v(f) be the third derivative of -f**4/6 + 47*f**2. What is v(-5)?
20
Let c(m) be the first derivative of 1/2*m**2 + 1 - 8*m. Determine c(0).
-8
Let a(u) be the third derivative of -u**5/60 + u**4/8 - 5*u**3/3 + 283*u**2. Calculate a(4).
-14
Let h(t) be the first derivative of t**3/3 - 3*t**2/2 - t + 95. What is h(-2)?
9
Let g(x) be the second derivative of x**5/20 + 7*x**4/12 + 4*x**3/3 + x**2 - 68*x. Give g(-6).
-10
Suppose 11*f - 29 = -40. Let l(r) = 4*r. Determine l(f).
-4
Let m(u) = u. Suppose -4*w - 22 = -5*q, 4*q - 2*w = 9 + 11. Give m(q).
6
Let r(d) be the third derivative of d**5/60 + d**4/6 + 3*d**2 - 35. Calculate r(-3).
-3
Suppose -5*u = 6*r - 4*r + 22, 0 = r - 5*u - 4. Let f(l) = 4*l + 9. What is f(r)?
-15
Let l be 2/(-4) - (-33)/6. Let j(x) = 3*x**2 + 1 + 2*x - 7*x**2 + l*x**2. Calculate j(-4).
9
Let o(m) = -2*m + 6. Let j = 7 - 3. Let y be o(j). Let k(v) = -v**3 - v**2 - v. Let w(b) = 3*b**3 + 3*b**2 + 3*b. Let s(p) = 7*k(p) + 3*w(p). Calculate s(y).
-12
Let g = -15 - -20. Suppose -g*a + 11 = -19. Let c(x) = -x**3 + 6*x**2 + 2*x - 6. Calculate c(a).
6
Let c(l) = -l**3 + 6*l**2 - 6*l - 2. Let d = -47 - -52. Determine c(d).
-7
Let p(i) = i**2 - 8*i + 6. Let d be -1 - ((-21)/6)/((-5)/(-10)). What is p(d)?
-6
Let j(d) = -d**3 + 17*d**2 + 7. Let x be 16/4*6 - 4 - 3. Determine j(x).
7
Suppose c + 4 = 4*x - 3*x, 4*c - x = -1. Let z(u) = -17*u**2 + 2*u - 1. Determine z(c).
-16
Let h(m) be the first derivative of -m**2 - 4*m - 1. Let t(u) = -u**2 + 3*u + 7. Let q(l) = l + 1. Let o(s) = q(s) + t(s). Let c be o(6). Determine h(c).
4
Let c be (-6)/7*(-7)/2. Let m(s) = 1 + 5*s**2 - 5 + s**c - 6*s - 2 - 1. Give m(-6).
-7
Let q(u) = u**2 - u - 1. Let h(g) = -g**3 + 9*g**2 - 2*g - 5. Let s(v) = h(v) - 5*q(v). What is s(3)?
18
Let m(l) = -3*l - 72. Let n(k) = -4*k - 103. Let t(r) = 3*m(r) - 2*n(r). Suppose -3*g + 6 - 24 = 0. What is t(g)?
-4
Let m = 53 + -47. Suppose 0 = -2*a - 3*b - 6 - 0, -2*a + 3*b - m = 0. Let l(o) = o**3 + 5*o**2 + 2*o. Determine l(a).
12
Suppose 4 = -4*x + 8*x. Let y(f) = 17*f**2 + f + 5. Let n(g) = -18*g**2 - g - 7. Let a(z) = 3*n(z) + 4*y(z). What is a(x)?
14
Suppose 3*n = 4 + 5. Let o be (n - (1 - -2))*1. Let u(i) = -i - 5. Calculate u(o).
-5
Let j(i) be the second derivative of 0*i**2 - 14*i + 1/20*i**5 + 0 - 1/4*i**4 - 1/3*i**3. Give j(4).
8
Let x be 2/12 + (-850)/204. Let r(o) = o**2 + 9*o + 10. Give r(x).
-10
Suppose -18 = 2*n - 5*n. Suppose 2*j = -3*w - n, 2*j = -w - 2*j - 2. Let u(i) = -5*i**2 - 2*i + 2. Calculate u(w).
-14
Let x be 7 - (-1928)/(-80) - 1/(-10). Let r(d) = -d**2 - 18*d - 13. Give r(x).
4
Let j(s) = 7*s**2 + 2*s - 1. Let v(o) = o + 0 - 5*o - o**2 - 2. Let m(c) = -c**2 - 21*c - 23. Let k be m(-20). Let n be v(k). Determine j(n).
8
Suppose 0 = -20*s + 18*s. Let t(z) = z + 2 + 2*z - 2*z + s*z. What is t(-7)?
-5
Let k(u) be the first derivative of 5*u**2/2 - u - 91. Give k(-1).
-6
Let z(d) = -7*d**2 + d + 10. Let r(i) = i**2 - 1. Let o(f) = -6*r(f) - z(f). Let l = 3 - 3. Determine o(l).
-4
Let f = 22 - 12. Suppose -11*m - f = -9*m. Let v(b) = b**2 - 7*b. Let q(z) = -z**2 + z + 1. Let y(k) = 2*q(k) + v(k). Determine y(m).
2
Let n(a) = -a**2 - 3*a + 3. Suppose 9*y - 15*y = -126. Let k be (-2)/(-10) + y/(-5). What is n(k)?
-1
Let i(f) = -11*f**3 + 23*f**2 - 12*f - 1. Let k(j) = -5*j**3 + 11*j**2 - 6*j - 1. Let h(c) = 4*i(c) - 9*k(c). Let t = -304 - -310. Give h(t).
5
Let j(f) be the first derivative of f**4/4 - 4*f**3/3 + f**2/2 - 10*f - 524. Determine j(4).
-6
Suppose 2*o = 2*a - 3*a, 0 = 4*a + o + 7. Let b = 2 - a. Suppose -b*l = l + 5. Let m(t) = 7*t + 1. Determine m(l).
-6
Let k = -619/2 - -929/3. Let b(o) be the third derivative of -k*o**4 + 0 + 0*o**3 + 6*o**2 + 0*o. Determine b(1).
-4
Let x(h) = h**3 + 6*h**2 + 2*h - 1. Let s = 109 - 102. Suppose s*l = -l - 40. Give x(l).
14
Let l(v) = -10*v**3 - 5*v**2 + 2*v + 2. Let r(i) = 10*i**3 + 7*i**2 - 3*i - 3. Let t(q) = 4*l(q) + 3*r(q). What is t(-1)?
11
Let t be (9/(-6))/(3/20). Let o = -12 - t. Let f(y) = y**2 + 3*y - 2. Calculate f(o).
-4
Let p be 2/9 - 374/(-99). Let z(i) = -i + 5 - 2 + 3*i - p*i. Determine z(-4).
11
Suppose -5*d = 4*q + 1 - 3, 6 = 2*d - q. Let v(a) = 6 - 3 + a**2 + d - a. What is v(0)?
5
Let z = -1 - -1. Let r be -4 - 130/(-14) - (-2)/(-7). Suppose z = 2*y + 2*l - 0 - 6, r*y - 4*l = -12. Let c(b) = -b**2 + b + 3. Calculate c(y).
3
Suppose -2*a + a = -1. Let j(q) = -60*q**3 + 33*q**2 + 10*q + 6. Let k(p) = 12*p**3 - 6*p**2 - 2*p - 1. Let m(n) = 2*j(n) + 11*k(n). Determine m(a).
11
Let h(b) = 9*b + 7. Let j = -664 + 659. Calculate h(j).
-38
Suppose 9*c = 17*c - 48. Let s(a) be the third derivative of -a**6/120 + a**5/10 + a**4/12 - 4*a**3/3 + 3*a**2. Give s(c).
4
Let h = -190 + 186. Let o(q) = q**2 + 6*q - 7. Let w(u) = -u + 1. Let l(d) = -o(d) - 3*w(d). Cal